{"id":2804,"date":"2021-12-23T01:31:31","date_gmt":"2021-12-23T00:31:31","guid":{"rendered":"https:\/\/dev.culturalgijonesa.org\/wp-content\/uploads\/2021\/12\/La-Pondala.jpg"},"modified":"2021-12-23T01:31:53","modified_gmt":"2021-12-23T00:31:53","slug":"la-pondala-2","status":"inherit","type":"attachment","link":"https:\/\/www.culturalgijonesa.org\/ast\/la-pondala-2\/","title":{"rendered":"La Pondala"},"author":1,"featured_media":0,"comment_status":"open","ping_status":"closed","template":"","meta":{"_et_pb_use_builder":"","_et_pb_old_content":"","_et_gb_content_width":"","_vp_format_video_url":"","_vp_image_focal_point":[]},"class_list":["post-2804","attachment","type-attachment","status-inherit","hentry"],"aioseo_notices":[],"description":{"rendered":"<p class=\"attachment\"><a href='https:\/\/www.culturalgijonesa.org\/wp-content\/uploads\/2021\/12\/La-Pondala-scaled.jpg'><img loading=\"lazy\" decoding=\"async\" width=\"300\" height=\"225\" src=\"https:\/\/www.culturalgijonesa.org\/wp-content\/uploads\/2021\/12\/La-Pondala-300x225.jpg\" class=\"attachment-medium size-medium\" alt=\"La Pondala\" srcset=\"https:\/\/www.culturalgijonesa.org\/wp-content\/uploads\/2021\/12\/La-Pondala-300x225.jpg 300w, https:\/\/www.culturalgijonesa.org\/wp-content\/uploads\/2021\/12\/La-Pondala-1024x768.jpg 1024w, https:\/\/www.culturalgijonesa.org\/wp-content\/uploads\/2021\/12\/La-Pondala-768x576.jpg 768w, https:\/\/www.culturalgijonesa.org\/wp-content\/uploads\/2021\/12\/La-Pondala-500x375.jpg 500w, https:\/\/www.culturalgijonesa.org\/wp-content\/uploads\/2021\/12\/La-Pondala-800x600.jpg 800w, https:\/\/www.culturalgijonesa.org\/wp-content\/uploads\/2021\/12\/La-Pondala-1280x960.jpg 1280w, https:\/\/www.culturalgijonesa.org\/wp-content\/uploads\/2021\/12\/La-Pondala-1920x1440.jpg 1920w, https:\/\/www.culturalgijonesa.org\/wp-content\/uploads\/2021\/12\/La-Pondala-1536x1152.jpg 1536w, https:\/\/www.culturalgijonesa.org\/wp-content\/uploads\/2021\/12\/La-Pondala-2048x1536.jpg 2048w, https:\/\/www.culturalgijonesa.org\/wp-content\/uploads\/2021\/12\/La-Pondala-610x458.jpg 610w, https:\/\/www.culturalgijonesa.org\/wp-content\/uploads\/2021\/12\/La-Pondala-510x382.jpg 510w, https:\/\/www.culturalgijonesa.org\/wp-content\/uploads\/2021\/12\/La-Pondala-1080x810.jpg 1080w, https:\/\/www.culturalgijonesa.org\/wp-content\/uploads\/2021\/12\/La-Pondala-980x735.jpg 980w, https:\/\/www.culturalgijonesa.org\/wp-content\/uploads\/2021\/12\/La-Pondala-480x360.jpg 480w\" sizes=\"(max-width: 300px) 100vw, 300px\" \/><\/a><\/p>\n"},"caption":{"rendered":"<p>Hist\u00f3rico restaurante La Pondala en Somi\u00f3. Foto: Rafael Su\u00e1rez-Mu\u00f1iz (2016).<\/p>\n"},"alt_text":"La Pondala","media_type":"image","mime_type":"image\/jpeg","media_details":{"width":2560,"height":1920,"file":"2021\/12\/La-Pondala-scaled.jpg","sizes":{"medium":{"file":"La-Pondala-300x225.jpg","width":300,"height":225,"mime_type":"image\/jpeg","source_url":"https:\/\/www.culturalgijonesa.org\/wp-content\/uploads\/2021\/12\/La-Pondala-300x225.jpg"},"large":{"file":"La-Pondala-1024x768.jpg","width":1024,"height":768,"mime_type":"image\/jpeg","source_url":"https:\/\/www.culturalgijonesa.org\/wp-content\/uploads\/2021\/12\/La-Pondala-1024x768.jpg"},"thumbnail":{"file":"La-Pondala-150x150.jpg","width":150,"height":150,"mime_type":"image\/jpeg","source_url":"https:\/\/www.culturalgijonesa.org\/wp-content\/uploads\/2021\/12\/La-Pondala-150x150.jpg"},"medium_large":{"file":"La-Pondala-768x576.jpg","width":768,"height":576,"mime_type":"image\/jpeg","source_url":"https:\/\/www.culturalgijonesa.org\/wp-content\/uploads\/2021\/12\/La-Pondala-768x576.jpg"},"vp_sm":{"file":"La-Pondala-500x375.jpg","width":500,"height":375,"mime_type":"image\/jpeg","source_url":"https:\/\/www.culturalgijonesa.org\/wp-content\/uploads\/2021\/12\/La-Pondala-500x375.jpg"},"vp_md":{"file":"La-Pondala-800x600.jpg","width":800,"height":600,"mime_type":"image\/jpeg","source_url":"https:\/\/www.culturalgijonesa.org\/wp-content\/uploads\/2021\/12\/La-Pondala-800x600.jpg"},"vp_lg":{"file":"La-Pondala-1280x960.jpg","width":1280,"height":960,"mime_type":"image\/jpeg","source_url":"https:\/\/www.culturalgijonesa.org\/wp-content\/uploads\/2021\/12\/La-Pondala-1280x960.jpg"},"vp_xl":{"file":"La-Pondala-1920x1440.jpg","width":1920,"height":1440,"mime_type":"image\/jpeg","source_url":"https:\/\/www.culturalgijonesa.org\/wp-content\/uploads\/2021\/12\/La-Pondala-1920x1440.jpg"},"vp_sm_popup":{"file":"La-Pondala-500x375.jpg","width":500,"height":375,"mime_type":"image\/jpeg","source_url":"https:\/\/www.culturalgijonesa.org\/wp-content\/uploads\/2021\/12\/La-Pondala-500x375.jpg"},"vp_md_popup":{"file":"La-Pondala-800x600.jpg","width":800,"height":600,"mime_type":"image\/jpeg","source_url":"https:\/\/www.culturalgijonesa.org\/wp-content\/uploads\/2021\/12\/La-Pondala-800x600.jpg"},"vp_xl_popup":{"file":"La-Pondala-1920x1440.jpg","width":1920,"height":1440,"mime_type":"image\/jpeg","source_url":"https:\/\/www.culturalgijonesa.org\/wp-content\/uploads\/2021\/12\/La-Pondala-1920x1440.jpg"},"1536x1536":{"file":"La-Pondala-1536x1152.jpg","width":1536,"height":1152,"mime_type":"image\/jpeg","source_url":"https:\/\/www.culturalgijonesa.org\/wp-content\/uploads\/2021\/12\/La-Pondala-1536x1152.jpg"},"2048x2048":{"file":"La-Pondala-2048x1536.jpg","width":2048,"height":1536,"mime_type":"image\/jpeg","source_url":"https:\/\/www.culturalgijonesa.org\/wp-content\/uploads\/2021\/12\/La-Pondala-2048x1536.jpg"},"bloom_image":{"file":"La-Pondala-610x458.jpg","width":610,"height":458,"mime_type":"image\/jpeg","source_url":"https:\/\/www.culturalgijonesa.org\/wp-content\/uploads\/2021\/12\/La-Pondala-610x458.jpg"},"et-pb-post-main-image":{"file":"La-Pondala-400x250.jpg","width":400,"height":250,"mime_type":"image\/jpeg","source_url":"https:\/\/www.culturalgijonesa.org\/wp-content\/uploads\/2021\/12\/La-Pondala-400x250.jpg"},"et-pb-post-main-image-fullwidth":{"file":"La-Pondala-1080x675.jpg","width":1080,"height":675,"mime_type":"image\/jpeg","source_url":"https:\/\/www.culturalgijonesa.org\/wp-content\/uploads\/2021\/12\/La-Pondala-1080x675.jpg"},"et-pb-portfolio-image":{"file":"La-Pondala-400x284.jpg","width":400,"height":284,"mime_type":"image\/jpeg","source_url":"https:\/\/www.culturalgijonesa.org\/wp-content\/uploads\/2021\/12\/La-Pondala-400x284.jpg"},"et-pb-portfolio-module-image":{"file":"La-Pondala-510x382.jpg","width":510,"height":382,"mime_type":"image\/jpeg","source_url":"https:\/\/www.culturalgijonesa.org\/wp-content\/uploads\/2021\/12\/La-Pondala-510x382.jpg"},"et-pb-portfolio-image-single":{"file":"La-Pondala-1080x810.jpg","width":1080,"height":810,"mime_type":"image\/jpeg","source_url":"https:\/\/www.culturalgijonesa.org\/wp-content\/uploads\/2021\/12\/La-Pondala-1080x810.jpg"},"et-pb-gallery-module-image-portrait":{"file":"La-Pondala-400x516.jpg","width":400,"height":516,"mime_type":"image\/jpeg","source_url":"https:\/\/www.culturalgijonesa.org\/wp-content\/uploads\/2021\/12\/La-Pondala-400x516.jpg"},"et-pb-post-main-image-fullwidth-large":{"file":"La-Pondala-2880x1800.jpg","width":2880,"height":1800,"mime_type":"image\/jpeg","source_url":"https:\/\/www.culturalgijonesa.org\/wp-content\/uploads\/2021\/12\/La-Pondala-2880x1800.jpg"},"et-pb-image--responsive--desktop":{"file":"La-Pondala-1280x960.jpg","width":1280,"height":960,"mime_type":"image\/jpeg","source_url":"https:\/\/www.culturalgijonesa.org\/wp-content\/uploads\/2021\/12\/La-Pondala-1280x960.jpg"},"et-pb-image--responsive--tablet":{"file":"La-Pondala-980x735.jpg","width":980,"height":735,"mime_type":"image\/jpeg","source_url":"https:\/\/www.culturalgijonesa.org\/wp-content\/uploads\/2021\/12\/La-Pondala-980x735.jpg"},"et-pb-image--responsive--phone":{"file":"La-Pondala-480x360.jpg","width":480,"height":360,"mime_type":"image\/jpeg","source_url":"https:\/\/www.culturalgijonesa.org\/wp-content\/uploads\/2021\/12\/La-Pondala-480x360.jpg"},"full":{"file":"La-Pondala-scaled.jpg","width":2560,"height":1920,"mime_type":"image\/jpeg","source_url":"https:\/\/www.culturalgijonesa.org\/wp-content\/uploads\/2021\/12\/La-Pondala-scaled.jpg"}},"image_meta":{"aperture":"1.75","credit":"","camera":"Mi A2","caption":"","created_timestamp":"1588583273","copyright":"","focal_length":"4.07","iso":"100","shutter_speed":"0.0005991611743559","title":"","orientation":"1","keywords":[]},"original_image":"La-Pondala.jpg"},"post":null,"source_url":"https:\/\/www.culturalgijonesa.org\/wp-content\/uploads\/2021\/12\/La-Pondala-scaled.jpg","_links":{"self":[{"href":"https:\/\/www.culturalgijonesa.org\/ast\/wp-json\/wp\/v2\/media\/2804","targetHints":{"allow":["GET"]}}],"collection":[{"href":"https:\/\/www.culturalgijonesa.org\/ast\/wp-json\/wp\/v2\/media"}],"about":[{"href":"https:\/\/www.culturalgijonesa.org\/ast\/wp-json\/wp\/v2\/types\/attachment"}],"author":[{"embeddable":true,"href":"https:\/\/www.culturalgijonesa.org\/ast\/wp-json\/wp\/v2\/users\/1"}],"replies":[{"embeddable":true,"href":"https:\/\/www.culturalgijonesa.org\/ast\/wp-json\/wp\/v2\/comments?post=2804"}]}}

<p>Histórico restaurante La Pondala en Somió. Foto: Rafael Suárez-Muñiz (2016).</p>
