{"id":4110,"date":"2024-01-29T18:07:38","date_gmt":"2024-01-29T17:07:38","guid":{"rendered":"https:\/\/dev.culturalgijonesa.org\/porfolio\/mesa-redonda-el-futuru-del-modelu-territorial-un-alderique-abiertu\/"},"modified":"2024-01-29T18:07:38","modified_gmt":"2024-01-29T17:07:38","slug":"mesa-redonda-el-futuru-del-modelu-territorial-un-alderique-abiertu","status":"publish","type":"portfolio","link":"https:\/\/www.culturalgijonesa.org\/ast\/portfolio\/mesa-redonda-el-futuru-del-modelu-territorial-un-alderique-abiertu\/","title":{"rendered":"Mesa redonda &#8211; &#8216;El futuru del modelu territorial, un alderique abiertu&#8217;"},"content":{"rendered":"<p><span class=\"yt-core-attributed-string--link-inherit-color\">19 de xineru de 2024, Sal\u00f3n d&#8217;Actos del Centru de Cultura Antiguu Institutu de Xix\u00f3n<\/span> <br \/><span class=\"yt-core-attributed-string--link-inherit-color\">Participen: JOS\u00c9 MONTILLA. Expresidente de la Generalitat de Catalu\u00f1a. <br \/>AURORA NACARINO-BRAVO. Polit\u00f3loga y periodista. Diputada del Partido Popular nel Congresu. <br \/>JOAN TARD\u00c1. Exdiput\u00e1u y voceru d&#8217;ERC nel Congresu. <br \/>Modera: V\u00cdCTOR GUILLOT. Director axuntu de Nortes <\/span><\/p>\n<p><span class=\"yt-core-attributed-string--link-inherit-color\">L&#8217;alderique sobre&#8217;l modelu territorial en Espa\u00f1a foi hist\u00f3ricamente un de los debates pol\u00edticos m\u00e1s enguedayaoss y complexos de toolos asuntos que conformen la pol\u00edtica n&#8217;Espa\u00f1a. Angua\u00f1o, la polarizaci\u00f3n y la crispaci\u00f3n pol\u00edtica esistente acentu\u00e1ronse a cuenta la investidura reci\u00e9n de Pedro S\u00e1nchez como Presidente de Gobiernu y especialmente al pactu d&#8217;investidura con part\u00edos nacionalistes, incluyendo la llei d&#8217;Amnist\u00eda venceyada al nom\u00e1u \u00abProc\u00e9s\u00bb en Catalu\u00f1a. Pero all\u00f3 d&#8217;ello, la cuesti\u00f3n territorial sigue siendo un elementu central na vida pol\u00edtica espa\u00f1ola. Esti alderique que va cuntar cola presencia de tres invitaos d&#8217;aut\u00e9nticu luxu, quier poner lluz nun asuntu tan dif\u00edcil y complexu que vien xenerando r\u00edos de tinta y un debate ciudadanu perimportante. <\/span><\/p>\n<p><span class=\"yt-core-attributed-string--link-inherit-color\">Activid\u00e1 financiada pola Fundaci\u00f3n Municipal de Cultura, Educaci\u00f3n y Universidad Popular del Ayuntamiento de Gij\u00f3n\/Xix\u00f3n. <\/span><span class=\"yt-core-attributed-string--link-inherit-color\"><a class=\"yt-core-attributed-string__link yt-core-attributed-string__link--display-type yt-core-attributed-string__link--call-to-action-color\" tabindex=\"0\" href=\"https:\/\/www.youtube.com\/hashtag\/catalunya\" target=\"\" rel=\"nofollow noopener noreferrer\">#catalunya<\/a><\/span> <span class=\"yt-core-attributed-string--link-inherit-color\"><a class=\"yt-core-attributed-string__link yt-core-attributed-string__link--display-type yt-core-attributed-string__link--call-to-action-color\" tabindex=\"0\" href=\"https:\/\/www.youtube.com\/hashtag\/modeloterritorial\" target=\"\" rel=\"nofollow noopener noreferrer\">#modeloterritorial<\/a><\/span><\/p>\n","protected":false},"excerpt":{"rendered":"<p>19 de xinerude 2024, Sal\u00f3n d&#8217;Actos del Centru de Cultura Antiguu Institutu de Xix\u00f3n. Alderique con Jos\u00e9 Montilla, Aurora Nacarino-Bravo y Joan Tard\u00e1<\/p>\n","protected":false},"author":1,"featured_media":4108,"menu_order":0,"comment_status":"open","ping_status":"closed","template":"","format":"video","meta":{"_et_pb_use_builder":"","_et_pb_old_content":"","_et_gb_content_width":"","_vp_format_video_url":"","_vp_image_focal_point":[],"footnotes":""},"portfolio_category":[283,120],"portfolio_tag":[],"class_list":["post-4110","portfolio","type-portfolio","status-publish","format-video","has-post-thumbnail","hentry","portfolio_category-espana-ast","portfolio_category-modelo-de-estado"],"aioseo_notices":[],"_links":{"self":[{"href":"https:\/\/www.culturalgijonesa.org\/ast\/wp-json\/wp\/v2\/portfolio\/4110","targetHints":{"allow":["GET"]}}],"collection":[{"href":"https:\/\/www.culturalgijonesa.org\/ast\/wp-json\/wp\/v2\/portfolio"}],"about":[{"href":"https:\/\/www.culturalgijonesa.org\/ast\/wp-json\/wp\/v2\/types\/portfolio"}],"author":[{"embeddable":true,"href":"https:\/\/www.culturalgijonesa.org\/ast\/wp-json\/wp\/v2\/users\/1"}],"replies":[{"embeddable":true,"href":"https:\/\/www.culturalgijonesa.org\/ast\/wp-json\/wp\/v2\/comments?post=4110"}],"version-history":[{"count":0,"href":"https:\/\/www.culturalgijonesa.org\/ast\/wp-json\/wp\/v2\/portfolio\/4110\/revisions"}],"wp:featuredmedia":[{"embeddable":true,"href":"https:\/\/www.culturalgijonesa.org\/ast\/wp-json\/wp\/v2\/media\/4108"}],"wp:attachment":[{"href":"https:\/\/www.culturalgijonesa.org\/ast\/wp-json\/wp\/v2\/media?parent=4110"}],"wp:term":[{"taxonomy":"portfolio_category","embeddable":true,"href":"https:\/\/www.culturalgijonesa.org\/ast\/wp-json\/wp\/v2\/portfolio_category?post=4110"},{"taxonomy":"portfolio_tag","embeddable":true,"href":"https:\/\/www.culturalgijonesa.org\/ast\/wp-json\/wp\/v2\/portfolio_tag?post=4110"}],"curies":[{"name":"wp","href":"https:\/\/api.w.org\/{rel}","templated":true}]}}

<p><span class="yt-core-attributed-string--link-inherit-color">19 de xineru de 2024, Salón d&#8217;Actos del Centru de Cultura Antiguu Institutu de Xixón</span> <br /><span class="yt-core-attributed-string--link-inherit-color">Participen: JOSÉ MONTILLA. Expresidente de la Generalitat de Cataluña. <br />AURORA NACARINO-BRAVO. Politóloga y periodista. Diputada del Partido Popular nel Congresu. <br />JOAN TARDÁ. Exdiputáu y voceru d&#8217;ERC nel Congresu. <br />Modera: VÍCTOR GUILLOT. Director axuntu de Nortes </span></p>
<p><span class="yt-core-attributed-string--link-inherit-color">L&#8217;alderique sobre&#8217;l modelu territorial en España foi históricamente un de los debates políticos más enguedayaoss y complexos de toolos asuntos que conformen la política n&#8217;España. Anguaño, la polarización y la crispación política esistente acentuáronse a cuenta la investidura recién de Pedro Sánchez como Presidente de Gobiernu y especialmente al pactu d&#8217;investidura con partíos nacionalistes, incluyendo la llei d&#8217;Amnistía venceyada al nomáu «Procés» en Cataluña. Pero alló d&#8217;ello, la cuestión territorial sigue siendo un elementu central na vida política española. Esti alderique que va cuntar cola presencia de tres invitaos d&#8217;auténticu luxu, quier poner lluz nun asuntu tan difícil y complexu que vien xenerando ríos de tinta y un debate ciudadanu perimportante. </span></p>
<p><span class="yt-core-attributed-string--link-inherit-color">Actividá financiada pola Fundación Municipal de Cultura, Educación y Universidad Popular del Ayuntamiento de Gijón/Xixón. </span><span class="yt-core-attributed-string--link-inherit-color"><a class="yt-core-attributed-string__link yt-core-attributed-string__link--display-type yt-core-attributed-string__link--call-to-action-color" tabindex="0" href="https://www.youtube.com/hashtag/catalunya" target="" rel="nofollow noopener noreferrer">#catalunya</a></span> <span class="yt-core-attributed-string--link-inherit-color"><a class="yt-core-attributed-string__link yt-core-attributed-string__link--display-type yt-core-attributed-string__link--call-to-action-color" tabindex="0" href="https://www.youtube.com/hashtag/modeloterritorial" target="" rel="nofollow noopener noreferrer">#modeloterritorial</a></span></p>

<p>19 de xinerude 2024, Salón d&#8217;Actos del Centru de Cultura Antiguu Institutu de Xixón. Alderique con José Montilla, Aurora Nacarino-Bravo y Joan Tardá</p>
